 base 14, what is 13aca - -16?
13b02
In base 4, what is 12200310 - -203?
12201113
In base 13, what is -2 - -1ca880?
1ca87b
In base 13, what is -6 + 173?
16a
In base 12, what is b8a + 57?
1025
In base 7, what is -15 + 360662?
360644
In base 2, what is 0 + -11110110100011100?
-11110110100011100
In base 15, what is 23 - 101?
-cd
In base 9, what is -2 + 72318?
72316
In base 12, what is -4 - b912?
-b916
In base 13, what is -906 - 1272?
-1b78
In base 6, what is -51451 + -1?
-51452
In base 12, what is 243 - 1487?
-1244
In base 7, what is 5 + 22616?
22624
In base 3, what is 12100220 - -2?
12100222
In base 6, what is -5224 + -34?
-5302
In base 7, what is -102 - 121625?
-122030
In base 3, what is 120 + 2111212110?
2111220000
In base 16, what is 19 + -24d41?
-24d28
In base 7, what is -6510 - 54?
-6564
In base 11, what is 15 + -145a8?
-14593
In base 4, what is -331 + 1113?
122
In base 15, what is 5 - -ac4d?
ac53
In base 15, what is 1873 - 17?
185b
In base 3, what is -12011102 + 21?
-12011011
In base 7, what is -2613 - 3040?
-5653
In base 16, what is -47 + -2c4?
-30b
In base 9, what is 1 - 4773?
-4772
In base 7, what is 35665 + 3?
36001
In base 15, what is 2ad57 - 3?
2ad54
In base 6, what is -454024 + -3?
-454031
In base 10, what is 298 + 203?
501
In base 10, what is -1495 + -9?
-1504
In base 11, what is 789 + 654?
1332
In base 10, what is 15 + 2442?
2457
In base 2, what is -11 + -1011100000101011110?
-1011100000101100001
In base 9, what is 3835 - 8?
3826
In base 11, what is 34 + -866?
-832
In base 6, what is 41222 - -22?
41244
In base 2, what is -10110000100 - -1000?
-10101111100
In base 12, what is -2b + -9200?
-922b
In base 9, what is 2340 - 16?
2323
In base 13, what is 8c514 - -5?
8c519
In base 13, what is -15655 + a?
-15648
In base 2, what is -101 - 10000001011111?
-10000001100100
In base 9, what is 0 - -31130?
31130
In base 3, what is -102001010201211 - 2?
-102001010201220
In base 10, what is 3497 - 5?
3492
In base 10, what is -4412 + 14?
-4398
In base 2, what is -1110 + -111011001110101?
-111011010000011
In base 16, what is 6 - -2bd9?
2bdf
In base 11, what is -985a + -3?
-9862
In base 3, what is 112 + -11121002112?
-11121002000
In base 15, what is 2 - 355e?
-355c
In base 4, what is 12 + -103120?
-103102
In base 10, what is 78 + -1523?
-1445
In base 7, what is 10315350 + 5?
10315355
In base 9, what is -73 + 15637?
15554
In base 4, what is -10 - -2101123?
2101113
In base 4, what is -3100332 - 1?
-3100333
In base 13, what is 2 - -2b182?
2b184
In base 16, what is -ce719 + 4?
-ce715
In base 3, what is -2112002 - 201?
-2112210
In base 5, what is 10 - 20200144?
-20200134
In base 13, what is 8 + -2b174?
-2b169
In base 11, what is -12 - -81100?
81099
In base 3, what is -10100202 + -201101?
-11002010
In base 7, what is -55 + -16251?
-16336
In base 11, what is -5125 + -5?
-512a
In base 4, what is 121130003 - -10?
121130013
In base 3, what is -22111212010 + -12?
-22111212022
In base 12, what is -22335 + -7?
-22340
In base 9, what is 36 - 16134?
-16087
In base 2, what is 110001000 - 111111011?
-1110011
In base 12, what is -3 - -a14?
a11
In base 13, what is 590 + 2a?
5ba
In base 8, what is -5 + -1024155?
-1024162
In base 3, what is -20021011121010 + -2?
-20021011121012
In base 8, what is -3 + 530633?
530630
In base 9, what is -2 + -177273?
-177275
In base 11, what is -100 - 1744?
-1844
In base 16, what is -3025 + 1?
-3024
In base 6, what is -22 + 54453?
54431
In base 6, what is -1 + -11144?
-11145
In base 4, what is 231003 + 20?
231023
In base 4, what is 10 - 1013223?
-1013213
In base 14, what is 41b + 16a?
587
In base 8, what is -3 - 103152?
-103155
In base 4, what is 1121111032 - 10?
1121111022
In base 12, what is -1011 + -14?
-1025
In base 12, what is -5814 + -1?
-5815
In base 10, what is 192 + -396?
-204
In base 16, what is d - 3b0?
-3a3
In base 12, what is 6 + 6a0?
6a6
In base 6, what is -1 + 154135?
154134
In base 6, what is 102204 - 10?
102154
In base 4, what is 21331113 + -11?
21331102
In base 8, what is -43 + -4776?
-5041
In base 14, what is 18c5 - 125?
17a0
In base 14, what is -2c1 - 229?
-50a
In base 2, what is 101101111110110001 + 10110?
101101111111000111
In base 13, what is -155 + -349?
-4a1
In base 5, what is 4 - 4123020?
-4123011
In base 13, what is 276 + 1327?
15a0
In base 11, what is 77 - -745a?
7526
In base 16, what is 2 + 149c?
149e
In base 14, what is 2438 - 2bd?
2159
In base 14, what is -56 + a3cb?
a375
In base 3, what is 201021220 + 1?
201021221
In base 7, what is 41101501 + 3?
41101504
In base 14, what is -701 + -2?
-703
In base 3, what is 102020100 + 11002?
102101102
In base 9, what is 663 + 4746?
5520
In base 15, what is 102 + -54a?
-448
In base 12, what is -8195 - 22?
-81b7
In base 7, what is -120 - -25452?
25332
In base 9, what is 1 + -252727?
-252726
In base 4, what is 13013 - -301330?
321003
In base 12, what is 2 - -a492?
a494
In base 5, what is -1 + 11204313?
11204312
In base 8, what is -46631 - 203?
-47034
In base 7, what is 131 - -256?
420
In base 14, what is 49 + 1bc7?
1c32
In base 11, what is 8728 - -9?
8736
In base 16, what is 4 - 7ae37?
-7ae33
In base 4, what is -1332 - 11111?
-13103
In base 16, what is 6 + -125a?
-1254
In base 2, what is 110 + 1110011010100?
1110011011010
In base 6, what is 5244252 + -5?
5244243
In base 5, what is -3 + 11300320?
11300312
In base 14, what is -502 + -25b?
-75d
In base 9, what is 451 - 105?
345
In base 8, what is 327565 - 1?
327564
In base 9, what is 0 + 61144?
61144
In base 13, what is 15 + 8a3a?
8a52
In base 6, what is -4110 - 133?
-4243
In base 12, what is 942 - 31?
911
In base 3, what is 2110020 - -101020?
2211110
In base 5, what is 1314 - -1430?
3244
In base 15, what is -130 - -6c?
-b3
In base 7, what is -104 + 15354?
15250
In base 5, what is 124324 - -31?
124410
In base 16, what is -5 + 3041?
303c
In base 14, what is 5524 - 11?
5513
In base 6, what is -301 - 4334?
-5035
In base 9, what is -5 - 6574?
-6580
In base 12, what is 12b8 - 1?
12b7
In base 5, what is 1 + -42142?
-42141
In base 15, what is -356 - 6b?
-3c2
In base 13, what is -176c0 - 5b?
-1774b
In base 14, what is 18c + 215?
3a3
In base 3, what is 0 - 212212010221?
-212212010221
In base 9, what is -3730 - -12?
-3717
In base 13, what is -442b - -22?
-4409
In base 3, what is 12 - -200202000?
200202012
In base 12, what is -118 + -1029?
-1145
In base 6, what is 4 - -1011210?
1011214
In base 15, what is 3 + 1a490?
1a493
In base 3, what is 1110 + -1120121202?
-1120120022
In base 13, what is 3309 - -24?
3330
In base 8, what is -13762 - 306?
-14270
In base 8, what is -23374 - -4?
-23370
In base 3, what is -220000122 - 11?
-220000210
In base 7, what is -553365 + 3?
-553362
In base 9, what is 28112 - 14?
28087
In base 12, what is a + 2b44?
2b52
In base 6, what is -540134 - 5?
-540143
In base 10, what is 211 + -163?
48
In base 12, what is -2 - -2a64?
2a62
In base 4, what is -13 + 331211?
331132
In base 3, what is -1012211101021 + -10?
-1012211101101
In base 15, what is -3 + -1e7381?
-1e7384
In base 5, what is -101 - -1044442?
1044341
In base 12, what is 472b49 + 4?
472b51
In base 10, what is 196 - 256?
-60
In base 10, what is 243548 - -5?
243553
In base 6, what is -305234 + -5?
-305243
In base 2, what is 10100101011100 + -111?
10100101010101
In base 14, what is 347 + -139?
20c
In base 8, what is 557 + -714?
-135
In base 9, what is -20082 + 5?
-20076
In base 13, what is -222 + -746?
-968
In base 5, what is 430222 - -1333?
432110
In base 9, what is -2227 + -14?
-2242
In base 13, what is -23 + -1505?
-1528
In base 9, what is -387 + -1126?
-1524
In base 2, what is 1011 + 10100111000?
10101000011
In base 3, what is -1121010 - 11001?
-1202011
In base 6, what is -31454100 - 2?
-31454102
In base 9, what is 8785 + -1?
8784
In base 8, what is 16 - 27151?
-27133
In base 7, what is 2 + 22606?
22611
In base 6, what is -2 + -1015153?
-1015155
In base 13, what is 1442a + 10?
1443a
In base 9, what is 12017 + -2?
12015
In base 9, what is -1 + -428137?
-428138
In base 5, what is 3031340 + -10?
3031330
In base 15, what is 62205e + -1?
62205d
In base 2, what is 10001011 + 101100010100?
101110011111
In base 7, what is 60 + 233241?
233331
In base 7, what is -16511 - 2560?
-22401
In base 16, what is b + 2?
d
In base 13, what is 5a6 - -43?
619
In base 14, what i